se 11?
2
Convert 52 (base 8) to base 5.
132
Convert 5c (base 13) to base 9.
85
Convert -4e (base 15) to base 3.
-2202
Convert 1 (base 6) to base 13.
1
What is 51 (base 6) in base 13?
25
211 (base 5) to base 6
132
46 (base 9) to base 7
60
Convert -547 (base 8) to base 13.
-218
What is 103 (base 13) in base 16?
ac
45 (base 13) to base 11
52
0 (base 8) to base 9
0
Convert 61 (base 12) to base 6.
201
Convert -3 (base 16) to base 3.
-10
Convert -344 (base 5) to base 16.
-63
-2 (base 8) to base 11
-2
What is -11 (base 9) in base 12?
-a
Convert c5 (base 13) to base 10.
161
-46 (base 8) to base 4
-212
Convert -12 (base 7) to base 5.
-14
-11 (base 16) to base 15
-12
Convert 321 (base 5) to base 7.
152
What is -8 (base 9) in base 12?
-8
What is -122 (base 4) in base 12?
-22
What is 133 (base 11) in base 2?
10011101
19 (base 13) to base 4
112
What is 51 (base 16) in base 2?
1010001
Convert -3 (base 13) to base 9.
-3
What is -2 (base 9) in base 12?
-2
-1010010 (base 2) to base 10
-82
What is -36 (base 13) in base 7?
-63
-2 (base 16) to base 9
-2
20 (base 12) to base 5
44
160 (base 7) to base 10
91
Convert 10 (base 10) to base 11.
a
-130 (base 5) to base 2
-101000
-2 (base 9) to base 10
-2
-11 (base 6) to base 15
-7
Convert 0 (base 13) to base 4.
0
What is -41 (base 5) in base 11?
-1a
Convert -82 (base 10) to base 8.
-122
Convert -1 (base 7) to base 8.
-1
-1 (base 11) to base 3
-1
What is -2a (base 12) in base 16?
-22
Convert -1 (base 11) to base 5.
-1
20 (base 4) to base 7
11
0 (base 9) to base 4
0
3 (base 14) to base 3
10
What is -102 (base 4) in base 9?
-20
What is -1 (base 10) in base 16?
-1
What is 0 (base 15) in base 5?
0
What is 11100 (base 2) in base 6?
44
a (base 11) to base 2
1010
Convert 0 (base 2) to base 5.
0
45 (base 6) to base 12
25
Convert -148 (base 13) to base 6.
-1021
What is 5 (base 16) in base 13?
5
10 (base 7) to base 8
7
-1 (base 9) to base 14
-1
Convert -1 (base 5) to base 2.
-1
101201 (base 3) to base 8
441
464 (base 7) to base 5
1432
7 (base 13) to base 4
13
Convert -4 (base 6) to base 16.
-4
Convert -101 (base 9) to base 12.
-6a
-4 (base 15) to base 12
-4
Convert 8 (base 12) to base 2.
1000
What is -6 (base 16) in base 11?
-6
-2 (base 6) to base 14
-2
What is 11 (base 2) in base 5?
3
Convert 4 (base 15) to base 5.
4
Convert 0 (base 11) to base 6.
0
-1 (base 7) to base 8
-1
-93 (base 11) to base 3
-10210
-61 (base 14) to base 2
-1010101
What is 21 (base 5) in base 2?
1011
Convert 58 (base 13) to base 12.
61
Convert 74 (base 13) to base 12.
7b
-1111 (base 3) to base 7
-55
What is 67 (base 10) in base 11?
61
Convert 100 (base 2) to base 12.
4
What is -14 (base 9) in base 8?
-15
Convert 222 (base 4) to base 12.
36
-56 (base 9) to base 6
-123
Convert -9 (base 10) to base 7.
-12
Convert -21 (base 7) to base 11.
-14
3 (base 10) to base 3
10
Convert -1a (base 16) to base 3.
-222
1 (base 8) to base 16
1
Convert -1011101 (base 2) to base 15.
-63
Convert 0 (base 10) to base 8.
0
What is 112 (base 3) in base 11?
13
Convert 12 (base 3) to base 8.
5
Convert 0 (base 9) to base 11.
0
-110 (base 5) to base 6
-50
5 (base 10) to base 6
5
What is -10 (base 14) in base 15?
-e
What is -1000 (base 2) in base 4?
-20
Convert 104 (base 11) to base 15.
85
What is 122 (base 3) in base 8?
21
What is 13 (base 5) in base 11?
8
Convert -31 (base 4) to base 14.
-d
What is -1000 (base 2) in base 4?
-20
Convert 132 (base 4) to base 7.
42
What is -12 (base 11) in base 16?
-d
Convert -13 (base 11) to base 7.
-20
What is -28 (base 12) in base 6?
-52
What is -12 (base 5) in base 15?
-7
0 (base 15) to base 14
0
-1 (base 11) to base 16
-1
What is 1 (base 13) in base 10?
1
What is -4d (base 16) in base 12?
-65
501 (base 6) to base 4
2311
What is 10002 (base 4) in base 3?
100120
Convert 10101 (base 2) to base 6.
33
What is -20 (base 13) in base 2?
-11010
What is 10 (base 14) in base 16?
e
-c (base 15) to base 5
-22
10 (base 3) to base 14
3
Convert 100 (base 12) to base 14.
a4
-100110 (base 2) to base 8
-46
Convert b (base 15) to base 7.
14
Convert -101 (base 2) to base 5.
-10
-10 (base 13) to base 12
-11
What is -10101 (base 2) in base 12?
-19
Convert -1e (base 16) to base 7.
-42
-81 (base 16) to base 5
-1004
Convert 8 (base 13) to base 5.
13
Convert -1020 (base 3) to base 9.
-36
What is -3 (base 16) in base 5?
-3
-11000 (base 2) to base 7
-33
24 (base 16) to base 13
2a
Convert 96 (base 16) to base 12.
106
Convert -10 (base 12) to base 5.
-22
-413 (base 7) to base 3
-21122
What is -28 (base 14) in base 5?
-121
What is -3 (base 14) in base 16?
-3
What is -10 (base 5) in base 11?
-5
What is 200 (base 4) in base 13?
26
Convert -c (base 14) to base 12.
-10
3 (base 5) to base 7
3
Convert -3 (base 14) to base 15.
-3
Convert 4 (base 14) to base 3.
11
Convert 3 (base 8) to base 2.
11
Convert 9b (base 15) to base 5.
1041
-1 (base 15) to base 2
-1
Convert 355 (base 9) to base 6.
1205
Convert -9 (base 10) to base 16.
-9
-14 (base 6) to base 5
-20
Convert -16 (base 11) to base 9.
-18
Convert 1e2 (base 15) to base 13.
278
Convert -76 (base 12) to base 8.
-132
What is -8 (base 12) in base 4?
-20
What is -27 (base 11) in base 14?
-21
Convert 100 (base 10) to base 11.
91
What is 28 (base 15) in base 8?
46
What is -44 (base 6) in base 16?
-1c
What is 20020 (base 3) in base 8?
250
202 (base 4) to base 12
2a
Convert 3 (base 9) to base 15.
3
88 (base 14) to base 4
1320
What is -13 (base 5) in base 3?
-22
What is 56 (base 10) in base 13?
44
What is -1 (base 14) in base 8?
-1
What is -3 (base 12) in base 9?
-3
Convert 1 (base 15) to base 8.
1
Convert 27 (base 13) to base 15.
23
Convert 38 (base 12) to base 7.
62
Convert 55 (base 8) to base 3.
1200
What is 4 (base 9) in base 3?
11
What is -1 (base 9) in base 13?
-1
What is 200 (base 5) in base 4?
302
What is 28 (base 16) in base 10?
40
What is 11 (base 12) in base 4?
31
What is -3 (base 4) in base 15?
-3
-1212 (base 4) to base 7
-204
Convert 12 (base 9) to base 12.
b
Convert -240 (base 5) to base 11.
-64
What is -222 (base 5) in base 9?
-68
24 (base 6) to base 10
16
What is -304 (base 5) in base 6?
-211
441 (base 8) to base 3
101201
Convert 144 (base 6) to base 11.
59
What is 10321 (base 4) in base 8?
471
-1222 (base 3) to base 15
-38
-303 (base 8) to base 9
-236
Convert -3 (base 4) to base 3.
-10
-3a (base 14) to base 12
-44
Convert -1 (base 2) to base 9.
-1
-100 (base 14) to base 7
-400
110010 (base 2) to base 6
122
-1a (base 11) to base 9
-23
Convert 10 (base 5) to base 12.
5
What is 15 (base 7) in base 12?
10
Convert -1115 (base 6) to base 11.
-21a
Convert 28 (base 16) to base 12.
34
2 (base 13) to base 7
2
Convert -42 (base 5) to base 12.
-1a
What is 1 (base 6) in base 5?
1
What is 1230 (base 5) in base 9?
231
18 (base 15) to base 8
27
Convert -2 (base 3) to base 6.
-2
Convert -3 (base 5) to base 3.
-10
-20 (base 5) to base 7
-13
What is 4 (base 5) in base 7?
4
Convert -11 (base 10) to base 7.
-14
52 (base 9) to base 14
35
Convert 6 (base 7) to base 16.
6
What is 0 (base 16) in base 3?
0
Convert 115 (base 8) to base 5.
302
-3203 (base 4) to base 2
-11100011
What is -12 (base 4) in base 8?
-6
What is -20101 (base 3) in base 2?
-10101100
Convert 4 (base 12) to base 15.
4
What is 8 (base 13) in base 7?
11
What is 3 (base 4) in base 6?
3
-111 (base 2) to base 4
-13
Convert -2 (base 16) to base 8.
-2
-88 (base 12) to base 7
-206
-8 (base 13) to base 5
-13
Convert 22 (base 6) to base 11.
13
Convert 48 (base 11) to base 3.
1221
What is -11 (base 8) in base 4?
-21
Convert 13 (base 9) to base 10.
12
Convert 2 (base 4) to base 3.
2
Convert 1120 (base 3) to base 12.
36
Convert 453 (base 6) to base 15.
bc
-1110 (base 2) to base 7
-20
Convert 61 (base 16) to base 10.
97
Convert -1 (base 4) to base 2.
-1
What is -13 (base 16) in base 5?
-34
Convert a (base 13) to base 12.
a
-6 (base 11) to base 12
-6
Convert 18 (base 12) to base 10.
20
Convert 7 (base 16) to base 9.
7
Convert -4 (base 7) to base 8.
-4
What is -22 (base 6) in base 16?
-e
13 (base 5) to base 10
8
-2 (base 9) to base 11
-2
What is 1 (base 6) in base 15?
1
What is 11 (base 5) in base 14?
6
-11 (base 4) to base 9
-5
Convert 2 (base 16) to base 8.
2
Convert -15c (base 14) to base 5.
-2103
What is -2 (base 10) in base 4?
-2
2 (base 10) to base 5
2
-1121 (base 5) to base 8
-241
Convert 2 (